
21
What is the highest common factor of 220401 and 6075?
243
What is the greatest common factor of 20 and 85910?
10
What is the highest common divisor of 173956 and 2770?
554
Calculate the greatest common factor of 912 and 498.
6
Calculate the highest common factor of 37736 and 1264.
8
Calculate the greatest common factor of 10624 and 225262.
166
What is the greatest common factor of 86118 and 372?
186
Calculate the highest common divisor of 3071 and 102749.
37
Calculate the highest common factor of 88794 and 144.
18
Calculate the greatest common factor of 2712 and 4500.
12
What is the highest common divisor of 1375 and 3201?
11
What is the highest common factor of 3010 and 1460?
10
Calculate the highest common divisor of 17118 and 2214.
54
What is the highest common divisor of 725 and 15350?
25
Calculate the highest common factor of 142340 and 66.
22
What is the greatest common divisor of 683722 and 260?
26
What is the highest common divisor of 40783 and 2550?
17
What is the highest common factor of 6565 and 955?
5
What is the greatest common divisor of 40 and 41255?
5
What is the highest common factor of 78 and 206?
2
Calculate the greatest common divisor of 29 and 6241061.
29
Calculate the greatest common divisor of 2051460 and 145.
145
What is the highest common divisor of 121000 and 1331?
121
What is the greatest common factor of 10725 and 20550?
75
Calculate the highest common factor of 125085 and 465.
465
Calculate the highest common divisor of 52 and 106340.
52
What is the highest common factor of 180 and 750420?
180
Calculate the highest common divisor of 104 and 57668.
52
What is the greatest common factor of 80994 and 96?
6
Calculate the highest common factor of 341 and 9703.
31
Calculate the greatest common divisor of 1200 and 825.
75
What is the greatest common factor of 1332 and 4428?
36
What is the greatest common factor of 289555 and 70?
35
What is the highest common divisor of 158961 and 66?
33
Calculate the highest common factor of 3682599 and 1311.
1311
Calculate the highest common factor of 17 and 167603.
17
What is the highest common factor of 47101 and 111?
37
Calculate the greatest common divisor of 1633 and 6624.
23
Calculate the greatest common divisor of 3432 and 36168.
264
Calculate the greatest common factor of 904944 and 1224.
408
What is the highest common divisor of 142320 and 320?
80
Calculate the greatest common factor of 1130 and 110.
10
Calculate the highest common divisor of 5887 and 136387.
29
Calculate the greatest common factor of 20 and 106460.
20
What is the greatest common factor of 64 and 72?
8
Calculate the highest common factor of 138 and 2254.
46
Calculate the highest common divisor of 969 and 95897.
17
Calculate the highest common divisor of 6930 and 543312.
1386
What is the greatest common divisor of 1250 and 1000250?
250
What is the greatest common factor of 4282885 and 190?
95
What is the greatest common factor of 3100 and 68700?
100
Calculate the greatest common divisor of 28776 and 264.
264
What is the highest common divisor of 1152 and 5248?
128
Calculate the greatest common factor of 16212 and 252.
84
Calculate the highest common factor of 126497 and 34.
17
What is the highest common factor of 266564 and 8240?
412
What is the highest common factor of 45 and 6735?
15
What is the greatest common factor of 369 and 2529?
9
Calculate the highest common factor of 86 and 350794.
86
Calculate the highest common divisor of 825578 and 39.
13
What is the greatest common factor of 30 and 5718?
6
What is the greatest common factor of 52992 and 1587?
69
What is the highest common factor of 56 and 14938?
14
Calculate the highest common divisor of 89332 and 92.
92
Calculate the highest common factor of 63 and 4547991.
21
Calculate the highest common factor of 122682 and 8694.
966
What is the greatest common factor of 45069 and 664?
83
What is the greatest common divisor of 66393 and 315?
9
Calculate the highest common factor of 243 and 108162.
27
Calculate the greatest common divisor of 497 and 271859.
497
What is the greatest common divisor of 795638 and 498?
166
Calculate the highest common factor of 729 and 103.
1
What is the greatest common divisor of 39 and 310661?
13
What is the greatest common divisor of 3150 and 81?
9
What is the greatest common factor of 24 and 230152?
8
What is the highest common divisor of 1855 and 29190?
35
Calculate the highest common divisor of 2229433 and 116.
29
What is the highest common factor of 1078 and 1089?
11
What is the greatest common factor of 2233 and 28721?
77
Calculate the highest common divisor of 17381 and 1547.
91
What is the highest common divisor of 917 and 262?
131
Calculate the highest common factor of 16692 and 702.
78
Calculate the greatest common divisor of 87624 and 27.
9
Calculate the highest common factor of 88 and 2430868.
44
What is the greatest common divisor of 297 and 612?
9
Calculate the highest common divisor of 34484 and 111.
37
What is the greatest common divisor of 63 and 460341?
63
What is the greatest common factor of 60131 and 157?
157
Calculate the highest common divisor of 39442 and 20254.
1066
Calculate the greatest common divisor of 168 and 46011.
21
Calculate the highest common divisor of 15 and 62635.
5
Calculate the greatest common divisor of 25398 and 4896.
306
What is the greatest common divisor of 15 and 188760?
15
Calculate the greatest common divisor of 6580 and 1610.
70
Calculate the greatest common factor of 129472 and 320.
64
What is the highest common factor of 48832 and 5886?
218
What is the highest common factor of 66 and 176121?
33
What is the greatest common factor of 5243186 and 26?
26
What is the highest common factor of 1885842 and 81?
81
Calculate the highest common divisor of 7644 and 10517.
13
What is the highest common divisor of 381 and 6033135?
381
What is the greatest common factor of 27 and 43431?
3
Calculate the greatest common factor of 3861 and 296439.
429
What is the greatest common divisor of 12624 and 118087?
263
What is the highest common divisor of 1559 and 11784481?
1559
Calculate the highest common divisor of 23745 and 345.
15
Calculate the greatest common factor of 2470 and 3980.
10
Calculate the highest common divisor of 24198 and 36951.
327
What is the greatest common divisor of 1284 and 5808?
12
Calculate the highest common factor of 4 and 96158.
2
Calculate the greatest common divisor of 16 and 133832.
8
Calculate the greatest common factor of 39 and 111.
3
What is the highest common factor of 165 and 176649?
33
What is the highest common divisor of 1989 and 204?
51
What is the highest common factor of 110407 and 11?
11
What is the highest common divisor of 33040 and 649?
59
Calculate the highest common factor of 70 and 22870.
10
What is the greatest common divisor of 274689 and 1656?
207
Calculate the highest common divisor of 18034150 and 4924.
2462
Calculate the highest common factor of 198744 and 3042.
1014
What is the highest common divisor of 1263 and 207?
3
What is the highest common factor of 72 and 1668852?
36
Calculate the greatest common divisor of 152324 and 6066.
674
What is the greatest common divisor of 156 and 53612?
52
What is the greatest common factor of 492 and 1804?
164
What is the greatest common divisor of 36036 and 5824?
364
What is the greatest common factor of 16936730 and 730?
730
What is the highest common divisor of 12412 and 1856?
116
Calculate the greatest common divisor of 135080 and 319.
11
Calculate the highest common factor of 78144 and 23199.
1221
Calculate the greatest common factor of 43974 and 7.
7
Calculate the highest common divisor of 651 and 28749.
21
Calculate the greatest common divisor of 964 and 9312.
4
Calculate the highest common factor of 33 and 13519.
11
Calculate the greatest common divisor of 874 and 22954.
46
Calculate the greatest common factor of 1794 and 2678.
26
Calculate the highest common divisor of 119 and 17969.
119
Calculate the greatest common factor of 13616 and 407.
37
What is the greatest common divisor of 109740 and 27140?
1180
What is the greatest common factor of 510 and 10302?
102
What is the highest common divisor of 181294 and 1?
1
What is the greatest common factor of 81 and 7?
1
Calculate the highest common div